t is -5c - 568c?
-571b
In base 8, what is -4271 + 14?
-4255
In base 11, what is -16461 + 1?
-16460
In base 8, what is 472 - -1625?
2317
In base 14, what is 184149 + 2?
18414b
In base 10, what is -19 + -3876?
-3895
In base 16, what is -2 + -8c1?
-8c3
In base 13, what is 288 + -138?
150
In base 15, what is -281 - -25?
-25b
In base 2, what is 10 - -101011001100100?
101011001100110
In base 12, what is a + 1707?
1715
In base 3, what is -22001201 - 12?
-22001220
In base 6, what is 1234 - 244?
550
In base 7, what is 1335044 + 1?
1335045
In base 7, what is -13102 + 1?
-13101
In base 6, what is -421 + -20023?
-20444
In base 12, what is b + 2b45?
2b54
In base 6, what is 1130430 - 41?
1130345
In base 4, what is 23010213 - 2?
23010211
In base 2, what is -1000001001101101111000 + 0?
-1000001001101101111000
In base 15, what is 94 - -5?
99
In base 11, what is 4 + 15a85?
15a89
In base 6, what is -5255 - 51?
-5350
In base 7, what is 14363610 - -5?
14363615
In base 14, what is 126ab7 - -3?
126aba
In base 14, what is 13826 - 77?
1378d
In base 8, what is 1402743 - 4?
1402737
In base 14, what is -175 + -3a?
-1b1
In base 4, what is 22021132113 + 2?
22021132121
In base 4, what is 100 + -1331100?
-1331000
In base 15, what is -3a3 - 90?
-443
In base 14, what is -3 - 114b73?
-114b76
In base 11, what is -353 + 7400?
7058
In base 11, what is 165a22 - 7?
165a16
In base 11, what is -4 + a166?
a162
In base 3, what is -2000222 + 10110022?
1102100
In base 13, what is 49 + -1cc?
-183
In base 8, what is -13 + -5375?
-5410
In base 2, what is -1000 - 1101010110000111?
-1101010110001111
In base 6, what is 145140 - -5?
145145
In base 10, what is -2916 + -1218?
-4134
In base 8, what is -303 + -44?
-347
In base 16, what is 29 + -100a?
-fe1
In base 7, what is -2425 - 14400?
-20125
In base 16, what is 4a + -f514?
-f4ca
In base 3, what is -100220 - 1100?
-102020
In base 2, what is 11001011011 - 1011011?
11000000000
In base 16, what is -27 + aa?
83
In base 9, what is -4 + -2704288?
-2704303
In base 13, what is 2774 + -9?
2768
In base 12, what is 2 - 1337?
-1335
In base 14, what is 26 - -a94?
aba
In base 11, what is 5 - -10383?
10388
In base 12, what is 3a243a - 3?
3a2437
In base 14, what is -48b + 76?
-415
In base 15, what is 8bd22 + 1?
8bd23
In base 13, what is 47814 + 9?
47820
In base 16, what is 0 + -17261?
-17261
In base 10, what is -55249 - 1?
-55250
In base 10, what is -55451 - 1?
-55452
In base 10, what is -7 - 200?
-207
In base 12, what is -83 + 2ba?
237
In base 16, what is -20 + 220?
200
In base 10, what is -2117 - 324?
-2441
In base 13, what is 4892 + 5b?
4920
In base 8, what is -17 - -651104?
651065
In base 8, what is -2 + -1570742?
-1570744
In base 16, what is -53a66 + -3?
-53a69
In base 4, what is 13 - 300130231?
-300130212
In base 7, what is -525120 - -1?
-525116
In base 7, what is 106354 - 4?
106350
In base 15, what is -1842 - c?
-184e
In base 16, what is -10a + -1b67?
-1c71
In base 8, what is 5006164 + -3?
5006161
In base 4, what is 2010331022 + -11?
2010331011
In base 7, what is -53 + 5416?
5333
In base 12, what is -199141 + -5?
-199146
In base 5, what is 2114221430 + -10?
2114221420
In base 10, what is 9824833 - 4?
9824829
In base 7, what is 21206 - -1363?
22602
In base 3, what is -110102200211 - -12?
-110102200122
In base 12, what is 6a3b - 9?
6a32
In base 3, what is 22 + 10210222?
10211021
In base 14, what is -4 + -27b41?
-27b45
In base 11, what is 160a + -11?
15a9
In base 11, what is 119 + -2114a?
-21031
In base 15, what is 99 - -b0a?
ba4
In base 3, what is -2102 - -10110200?
10101021
In base 5, what is -22032034 - -10?
-22032024
In base 3, what is -100020210001 - 0?
-100020210001
In base 10, what is 1 + 26018?
26019
In base 11, what is -2 - -246556?
246554
In base 9, what is 826 - -2301?
3227
In base 6, what is -3025 - 540?
-4005
In base 5, what is -22 - 2340143?
-2340220
In base 12, what is a03 - 25?
99a
In base 8, what is -5 - 12222?
-12227
In base 4, what is 31020 + -111331?
-20311
In base 14, what is 2 + -ba5b?
-ba59
In base 2, what is 1111010 - 10001101010?
-1111110000
In base 5, what is -2 - -2243221?
2243214
In base 6, what is -30 - -131323?
131253
In base 10, what is -2 - -15250?
15248
In base 16, what is -48 + -20?
-68
In base 10, what is 235 - -841?
1076
In base 3, what is 101122220 - -12?
101200002
In base 12, what is -3 - -16539?
16536
In base 13, what is -52517 - -8?
-5250c
In base 15, what is -48 - -5e88?
5e40
In base 11, what is 145 + -1473?
-1329
In base 13, what is -31bb1 - -1?
-31bb0
In base 14, what is 239a3 - 9?
23998
In base 2, what is -10000011101100 + 1?
-10000011101011
In base 2, what is 100101 - 10101001000?
-10100100011
In base 11, what is -1 - -16309?
16308
In base 8, what is 434 + 115?
551
In base 8, what is 304 - -11375?
11701
In base 14, what is -c - -279a2?
27994
In base 13, what is 1c4 + 2808?
29cc
In base 13, what is -2 + -9b08?
-9b0a
In base 5, what is -120 - -2032?
1412
In base 5, what is 24 - 34144?
-34120
In base 11, what is -278 + -852?
-101a
In base 16, what is -35 - 624a?
-627f
In base 6, what is 1 - -200144?
200145
In base 3, what is -2122000000 - 11?
-2122000011
In base 15, what is 2 - 4b72?
-4b70
In base 5, what is -1200 + -144?
-1344
In base 6, what is 431 - 412?
15
In base 6, what is 3 - -10111403?
10111410
In base 8, what is 11 + 767417?
767430
In base 15, what is -dd38a - -1?
-dd389
In base 16, what is -7e - 1153?
-11d1
In base 13, what is -17 - -5a9?
592
In base 16, what is -53 + 5fb?
5a8
In base 4, what is 1020 + -13211?
-12131
In base 16, what is -b7 - 13e5?
-149c
In base 10, what is -33146 + 4?
-33142
In base 3, what is 1022010002122 - -1?
1022010002200
In base 2, what is 101111000 + -1101011000110?
-1100101001110
In base 16, what is -4e487 - -5?
-4e482
In base 7, what is 40 - 115223?
-115153
In base 12, what is 2453 - 12?
2441
In base 16, what is -3 + f4a?
f47
In base 15, what is 2a131 - -6?
2a137
In base 14, what is 702 - -2?
704
In base 6, what is -123 + 130521?
130354
In base 14, what is 8 + 3541?
3549
In base 5, what is 3 - 4322244?
-4322241
In base 14, what is 5 + -9430c?
-94307
In base 13, what is -39270 - -4?
-39269
In base 13, what is -22c54b - 1?
-22c54c
In base 14, what is 7 - -c5049?
c5052
In base 6, what is -5 - 211251?
-211300
In base 15, what is 36 + 2db0?
2de6
In base 5, what is -10 + 20040121?
20040111
In base 4, what is -1101323 + -111?
-1102100
In base 9, what is -20706 + 4?
-20702
In base 11, what is 999 + -963?
36
In base 15, what is -45c + 335?
-127
In base 8, what is 40 - 473?
-433
In base 14, what is -27 - -85?
5c
In base 11, what is 2 - 26644?
-26642
In base 2, what is 100000 - -1011101001?
1100001001
In base 3, what is 10200220 + -201020?
2222200
In base 12, what is -276531 + 0?
-276531
In base 10, what is 12590 - 0?
12590
In base 2, what is -101010111101100010 - 11?
-101010111101100101
In base 4, what is -20200 + -223?
-21023
In base 12, what is -3b2 + -78?
-46a
In base 8, what is -3144 - 241?
-3405
In base 6, what is -1425 + 20030?
14201
In base 3, what is -1012112220012 - 2?
-1012112220021
In base 11, what is 1a59 - -5?
1a63
In base 12, what is -31 - -9967?
9936
In base 10, what is -1 - -257624?
257623
In base 2, what is -111001 + -101011000000000?
-101011000111001
In base 12, what is 23 + -1024?
-1001
In base 13, what is 1 + 267ca?
267cb
In base 5, what is 4 + -1020323?
-1020314
In base 10, what is -3185 - -1?
-3184
In base 15, what is 11 - -4232?
4243
In base 16, what is -12 - 2818?
-282a
In base 11, what is 5 - -63274?
63279
In base 16, what is -5 - 2123d?
-21242
In base 5, what is 22 - -1144403?
1144430
In base 4, what is 11301211 + 12?
11301223
In base 2, what is -10 - 10001100101001?
-10001100101011
In base 12, what is 1 + -6778?
-6777
In base 15, what is 6c3 + -301?
3c2
In base 12, what is 78a49 - -2?
78a4b
In base 3, what is 12102201 - -101?
12110002
In base 6, what is 5550 - 10?
5540
In base 6, what is 1220443 + -4?
1220435
In base 8, what is 3 - -622072?
622075
In base 5, what is 20 + -344034?
-344014
In base 2, what is 110011001001011101 - 10?
110011001001011011
In base 11, what is 12 + -7169?
-7157
In base 8, what is -2026 - -301?
-1525
In base 4, what is -10210230 + 30?
-10210200
In base 6, what is -34 + -333422?
-333500
In base 8, what is 166611 + -6?
166603
In base 2,